 - 30 = 4*k. What is the units digit of f?
8
Let q be 3*6 - (-5)/(-5). Let l = q - 9. What is the units digit of l?
8
What is the units digit of 148/6 - (-4)/(-6)?
4
Let a = -148 + 162. What is the tens digit of a?
1
Let z(t) = -37*t - 6. What is the tens digit of z(-2)?
6
Let i be ((-90)/35)/((-3)/14). Suppose -2*d + d + i = 0. What is the units digit of d?
2
Suppose 2*o - 20 = 2*f, -2*f - 3 = o + 2. Suppose 39 + 3 = 2*y + d, -o*y = -d - 119. What is the tens digit of y?
2
Let d = -90 + 63. Let l = d + 15. What is the units digit of (27/l)/(6/(-16))?
6
Suppose 5*k - 670 = -95. What is the units digit of k?
5
Let j(o) = 2*o**2 - 3*o + 2. Suppose -4*l = 3*q - 11, 4*l - 6 = q + 1. What is the units digit of j(l)?
4
Let x be (-6)/4*(0 + -2). Suppose -x*f - 2*p + 53 = -3*p, -p = 5. What is the units digit of f?
6
Let l be (4/(-2))/(4/(-6)). Suppose 14 + 17 = p + l*g, -3*g + 56 = 2*p. What is the tens digit of p?
2
Let i = -34 - -37. What is the units digit of i?
3
Let n(y) = y**2 - 7*y + 4. Let d be n(7). Suppose -4*m - d*o - 59 = -211, -195 = -5*m - 4*o. What is the tens digit of m?
4
Suppose 6 = 5*y - 3*u, 4*y - 2*u = u + 3. Suppose y*l = l + 6. What is the units digit of l?
3
Let z(k) be the second derivative of -k**3 - 3*k. What is the units digit of z(-2)?
2
Let j(g) = g - 1. Let t be j(2). Suppose a - t = 21. What is the units digit of a?
2
Suppose -2*u + 0*u + 56 = 0. Let l be (u/3 - 0)*3. Suppose 5*i - 37 - l = 0. What is the units digit of i?
3
Suppose -o = y - 1, 0*y - 3*o - 7 = -2*y. Suppose -y*n - 2*c = 4 - 0, 0 = 4*c. What is the units digit of n/5 + (-231)/(-15)?
5
Let a(l) = 3*l + 40. What is the tens digit of a(8)?
6
Suppose -4*w - 2*y + 8 = -y, -w - 9 = 3*y. What is the tens digit of (w - 1) + 15 - -1?
1
Let z(d) = -d**2 + 9. Let p be z(-5). What is the tens digit of p/20*(-28 - -3)?
2
Let o(r) = r**3 - 8*r**2 + 9*r - 6. Suppose -5*m - 4*g + 43 = 0, -3*m + 2*g = 3*g - 23. What is the units digit of o(m)?
8
Let h(i) = i**3 + i**2 + i. Let m be h(0). Let y = 2 + m. What is the units digit of y?
2
Let y be 2/1*6/4. Let g = y - 0. Let c = -1 + g. What is the units digit of c?
2
Let w(h) = h**2 - 11*h + 5. Let r be w(11). Suppose -r*q - 17 = -5*u + 163, 2*q + 144 = 4*u. What is the units digit of u?
6
Let w be (-37)/4*4/(-1). Suppose w = 4*j + 3*f - 2, -3 = f. What is the tens digit of j?
1
Let p(b) = b - 4. Let x be p(6). Suppose -3*j = x*j - 20. What is the units digit of j?
4
Suppose 0 = -3*m + m + 2. Let u be (-26)/(-4) - 1/2. Let q = u + m. What is the units digit of q?
7
Let v = 3 + 12. What is the units digit of v?
5
Let r(i) = 44*i + 1. What is the tens digit of r(1)?
4
Suppose -2*u - 3*g + 103 = 0, -5*u + 4*g = -u - 196. What is the units digit of u?
0
Suppose -5*h + r - 24 = 12, -r = -2*h - 12. Let d = 1 + h. Let p = 10 + d. What is the units digit of p?
3
Suppose -1 = -u - 5, -3*z - 2*u = -10. What is the units digit of z?
6
Suppose 7*g = 2*g + 75. Let x = 5 + g. What is the units digit of x?
0
Let l = -23 + 12. Let p be 4 - (0 - -1) - l. Suppose 4*i - 10 = p. What is the units digit of i?
6
Let z(f) = -f**2 - 6*f + 4. Suppose m + 3*p + 18 = 0, 7 = -m + 4*p + 17. What is the units digit of z(m)?
4
Let u(o) = o**2 - 8*o + 9. Let p = 5 - -3. What is the units digit of u(p)?
9
Suppose -c - 9 = -5*k + 3, 4*c + k - 57 = 0. What is the tens digit of c?
1
Let c = -4 - -5. Suppose n - 2*j - 7 = 0, -n + 0*n + c = j. What is the units digit of n?
3
Suppose -43 = -r + 149. What is the units digit of r?
2
Let y = -5 + 11. What is the units digit of 28/y - 3/(-9)?
5
Let g be (-2)/(-7) - (-794)/14. What is the tens digit of ((-1)/(-3))/(1/g)?
1
Let s(j) = -j + 4. Let w be s(3). Let l be (4 - w)/((-18)/24). What is the tens digit of ((-7)/l + -2)*-44?
1
What is the tens digit of 4 + (-3 - -5)*60?
2
Suppose 0*j + 2*x = -j + 5, -4*x = -4*j + 8. Suppose h - 3 = j. What is the units digit of h?
6
Let j(v) be the second derivative of -v**3/3 + v**2/2 + 2*v. What is the units digit of j(-3)?
7
Suppose 17*n - 580 - 712 = 0. What is the units digit of n?
6
Suppose 0 = h + 2*f + 286, h + 2*f + 1132 = -3*h. What is the units digit of 2/10 - h/15?
9
Suppose h = 5*h - 76. What is the tens digit of h?
1
What is the units digit of (4 - 43)*(-2 - -1)?
9
Let z(c) = -c + 3. Let k be z(-7). Suppose 3 - k = -u. What is the units digit of u?
7
Suppose 0 = 8*v - 7*v - 7. What is the units digit of v?
7
Suppose 10 = -4*p - 2*y - 62, -4*p + 5*y = 86. Suppose 4*d + 61 = 3*h, 0 = 4*h + h - d - 130. Let a = h + p. What is the units digit of a?
8
Let y = 20 - 6. Let q = -6 + y. Let o = q - 6. What is the units digit of o?
2
Suppose -8*d + 30 = -3*d. Let n = d - -19. What is the units digit of n?
5
Suppose 3*f = -b + 2, -19 = -5*b - f + 5. What is the units digit of b?
5
Let h(i) = -i**3 + i**2 + i - 2. What is the units digit of h(-4)?
4
Let r(t) = 308*t + 3. What is the units digit of r(1)?
1
Suppose 0 = g + 4*o - 17, -4*o + 14 = -2. Let y(x) = 5*x**2 + x. What is the units digit of y(g)?
6
Suppose -2*p - 2*k + 12 = 0, -5*p - k + 7 = -7. What is the units digit of p?
2
Suppose 0 = 4*o - 11 - 29. Suppose 5*s + 2*x - 33 = 0, 0*s = 2*s + 5*x - 9. Suppose 0 = s*y - 2*y - o. What is the units digit of y?
2
What is the tens digit of 52 - (-2)/6*3?
5
What is the tens digit of 0 - (-115)/9 - (-4)/18?
1
Suppose 3*c - 76 = -c - 4*b, 5*b = 3*c - 97. What is the tens digit of c?
2
Suppose q = 2*t - t - 6, 4*t + q - 14 = 0. Suppose 1 = t*i - 7. What is the units digit of i?
2
Suppose 1 = -5*x - k + 5, 4*x + 2*k - 8 = 0. Suppose x = -q + 5*q - 40. Let z = q + -7. What is the units digit of z?
3
Let x(d) = 4*d**2 + 7 + d**2 + 4*d**3 + 2*d**3 + d - 5*d**3. What is the units digit of x(-5)?
2
Let z = 26 + -12. What is the tens digit of z?
1
Suppose -10 = c - 0*c. Let o = -4 - c. What is the units digit of o?
6
Let c be 8/(-16)*1*4. What is the tens digit of 37*(8/c)/(-4)?
3
Let v be 6/36 + (-17)/(-6). Suppose 0*r + 4*r - 2 = -2*u, -3*u = -2*r - v. What is the units digit of u?
1
Suppose 0 = 3*c + 2*c. Suppose 0 = -5*m - u + 33 - 6, -5*u - 15 = c. What is the units digit of m?
6
Let a = 53 - 25. Let z = a + -7. What is the tens digit of z?
2
Let d = 4 + -3. Let f(n) be the first derivative of 7*n**3/3 - n**2 + n + 2. What is the units digit of f(d)?
6
Let r = -165 - -329. What is the hundreds digit of r?
1
What is the units digit of (0 - 1 - -296)*(-18)/(-45)?
8
Suppose 4*q - 4*x - 12 = 0, 0*x = 4*q + x + 3. Suppose -4*d + 3*d = q. Suppose -3*w + 5*a + d*a - 19 = 0, -5*a + 25 = 0. What is the units digit of w?
2
Suppose -5*z + 116 = -19. Suppose -i + z = 10. What is the units digit of i?
7
Let f be 0 + -1 + 9 + -3. Suppose -3*v + f + 1 = 0. What is the units digit of ((-3)/(-3))/(v/14)?
7
What is the tens digit of 460/7 - (-2)/7?
6
Suppose -2*x - 2*x + 28 = 0. Let s = x + -4. Suppose -2*b - 2 - 8 = 0, s*t - 31 = 2*b. What is the units digit of t?
7
Let t be 341/(-121) + (-2)/11. What is the units digit of -7*2/7*t?
6
Suppose -37 = -2*h + 9. What is the tens digit of h?
2
Let v = 117 - 68. What is the units digit of v?
9
Suppose 0 = -2*j + 21 + 417. What is the units digit of j?
9
Let d be (-31)/(-6) + (-2)/12. Suppose l + j + 0 = 1, -3*j - d = -5*l. What is the units digit of l?
1
Let n = 11 + -9. Suppose -n*g - 7 = -45. What is the units digit of g?
9
Let b = -7 - -12. Suppose -n - b = -2*i - 2*n, -2*n = -4*i - 10. Let w = i - -8. What is the units digit of w?
8
Suppose 0 = 4*s + s. Suppose s*o + 13 = o. Suppose 5 = 3*d - i, 3*i = 3*d - 2*i - o. What is the units digit of d?
1
Suppose -331 = -5*p - 3*y, -5*p + 161 = -2*y - 160. What is the units digit of p?
5
What is the hundreds digit of (-5 + (-111)/(-6))*14?
1
Let q be ((-4)/3)/((-6)/9). Suppose -q + 23 = y. What is the tens digit of y?
2
Let j(r) be the first derivative of -r**2 + 5/3*r**3 - 2*r - 3. What is the tens digit of j(2)?
1
Let p = 22 - 10. Suppose 3*j - 3 = p. What is the units digit of j?
5
Suppose 3*q + q - 23 = -5*l, -l - 4*q + 11 = 0. Let p(m) = -15*m - 4. Let f(a) = 14*a + 3. Let d(h) = l*f(h) + 2*p(h). What is the tens digit of d(1)?
1
Let d(k) = 3*k - 3. Let f be d(7). Suppose 4*v = 14 + f. Suppose 6*w - v = 5*w. What is the units digit of w?
8
Let h(y) = y**2 - y - 1. Let a(r) = 6*r**2 - 8*r - 3. Let o(i